inder when 884517 is divided by 46?
29
Calculate the remainder when 183881948 is divided by 1678.
1674
Calculate the remainder when 30317 is divided by 26708.
3609
What is the remainder when 2536547 is divided by 845427?
266
Calculate the remainder when 70845638 is divided by 513374.
26
What is the remainder when 51227186 is divided by 33?
32
What is the remainder when 11518784 is divided by 54?
44
Calculate the remainder when 6061162 is divided by 1151.
1147
What is the remainder when 181882 is divided by 12989?
36
What is the remainder when 81822 is divided by 81619?
203
Calculate the remainder when 468735 is divided by 42284.
3611
What is the remainder when 37422 is divided by 4148?
90
What is the remainder when 357764445 is divided by 184?
181
What is the remainder when 1371518 is divided by 75?
68
What is the remainder when 4755166 is divided by 3284?
3218
Calculate the remainder when 79851 is divided by 5907.
3060
Calculate the remainder when 20474039 is divided by 6824664.
47
What is the remainder when 226418247 is divided by 95?
92
What is the remainder when 20342 is divided by 4034?
172
What is the remainder when 2428455 is divided by 28197?
3513
Calculate the remainder when 577896 is divided by 59.
50
Calculate the remainder when 84828755 is divided by 5148.
11
Calculate the remainder when 449873 is divided by 14488.
745
Calculate the remainder when 1038441 is divided by 132.
129
Calculate the remainder when 4485140 is divided by 4070.
0
Calculate the remainder when 4418396 is divided by 339876.
8
Calculate the remainder when 346136 is divided by 69214.
66
What is the remainder when 123964 is divided by 5898?
106
Calculate the remainder when 7480331 is divided by 332.
39
What is the remainder when 78974 is divided by 777?
497
What is the remainder when 15919976 is divided by 29?
20
Calculate the remainder when 13834640 is divided by 344.
336
What is the remainder when 138729 is divided by 69204?
321
What is the remainder when 75587759 is divided by 360?
359
Calculate the remainder when 320330 is divided by 723.
41
What is the remainder when 472828 is divided by 118206?
4
What is the remainder when 1129356 is divided by 1571?
1378
What is the remainder when 16085395 is divided by 102?
97
Calculate the remainder when 187124 is divided by 6139.
2954
What is the remainder when 1107277 is divided by 29926?
15
What is the remainder when 31029 is divided by 676?
609
What is the remainder when 3602468 is divided by 4613?
4328
What is the remainder when 5886364 is divided by 130808?
4
Calculate the remainder when 159472 is divided by 1478.
1326
What is the remainder when 2107512 is divided by 351250?
12
Calculate the remainder when 813611 is divided by 991.
0
What is the remainder when 238348 is divided by 59365?
888
What is the remainder when 124587 is divided by 59394?
5799
What is the remainder when 4711584 is divided by 235576?
64
Calculate the remainder when 92481 is divided by 13153.
410
What is the remainder when 1226127 is divided by 26?
19
What is the remainder when 5768528 is divided by 43?
35
What is the remainder when 96422 is divided by 143?
40
Calculate the remainder when 204759237 is divided by 38.
37
Calculate the remainder when 44438 is divided by 167.
16
Calculate the remainder when 52362 is divided by 5234.
22
Calculate the remainder when 4376714 is divided by 232.
34
What is the remainder when 9776319 is divided by 1181?
1
What is the remainder when 7188808 is divided by 378357?
25
What is the remainder when 1127580 is divided by 5561?
4258
Calculate the remainder when 66124 is divided by 20459.
4747
Calculate the remainder when 1755831 is divided by 590.
581
Calculate the remainder when 6131533 is divided by 710.
683
What is the remainder when 9165302 is divided by 24?
14
Calculate the remainder when 91034063 is divided by 9333.
9314
Calculate the remainder when 118770 is divided by 2318.
552
What is the remainder when 10818737 is divided by 7555?
7532
What is the remainder when 3588635 is divided by 1737?
1730
Calculate the remainder when 77983 is divided by 46.
13
Calculate the remainder when 330769 is divided by 329175.
1594
What is the remainder when 4857205 is divided by 1259?
1242
What is the remainder when 2162602 is divided by 1355?
22
What is the remainder when 282335 is divided by 1987?
181
What is the remainder when 485054 is divided by 1100?
1054
Calculate the remainder when 126987 is divided by 31057.
2759
Calculate the remainder when 10566122 is divided by 2175.
2147
What is the remainder when 2065136 is divided by 132?
128
What is the remainder when 23483401 is divided by 555?
241
What is the remainder when 1371053 is divided by 548?
505
Calculate the remainder when 81090 is divided by 448.
2
Calculate the remainder when 449664 is divided by 440.
424
What is the remainder when 489155 is divided by 154?
51
Calculate the remainder when 778232 is divided by 2031.
359
What is the remainder when 4302560 is divided by 28121?
47
Calculate the remainder when 65318159 is divided by 46.
45
What is the remainder when 163378 is divided by 16311?
268
What is the remainder when 460518 is divided by 460514?
4
Calculate the remainder when 2999579 is divided by 276.
11
What is the remainder when 3470825 is divided by 757?
737
What is the remainder when 4510995 is divided by 400?
195
Calculate the remainder when 92103 is divided by 32.
7
Calculate the remainder when 3055406 is divided by 2402.
62
What is the remainder when 8666532 is divided by 247615?
7
What is the remainder when 7080 is divided by 2359?
3
Calculate the remainder when 712240 is divided by 79.
55
What is the remainder when 5691580 is divided by 108?
88
What is the remainder when 7479274 is divided by 331?
329
Calculate the remainder when 2066225037 is divided by 10.
7
Calculate the remainder when 74447099 is divided by 175.
174
Calculate the remainder when 38584 is divided by 2935.
429
Calculate the remainder when 2993666038 is divided by 60.
58
What is the remainder when 44053580 is divided by 78949?
38
What is the remainder when 2036329 is divided by 678758?
55
Calculate the remainder when 440124 is divided by 18338.
12
Calculate the remainder when 4907851 is divided by 503.
80
Calculate the remainder when 32224 is divided by 16058.
108
Calculate the remainder when 128888 is divided by 381.
110
Calculate the remainder when 204663 is divided by 1094.
85
Calculate the remainder when 147140 is divided by 763.
644
What is the remainder when 1172549 is divided by 22549?
1
Calculate the remainder when 7148515 is divided by 88253.
22
Calculate the remainder when 12378269 is divided by 4126087.
8
What is the remainder when 30178925 is divided by 34?
15
Calculate the remainder when 13989690 is divided by 97830.
0
What is the remainder when 44259920 is divided by 12?
8
What is the remainder when 2594752 is divided by 648683?
20
Calculate the remainder when 1161895 is divided by 1248.
7
Calculate the remainder when 44219994 is divided by 63.
42
Calculate the remainder when 5234834 is divided by 802.
180
Calculate the remainder when 469601 is divided by 384.
353
Calculate the remainder when 11103810 is divided by 412.
410
What is the remainder when 7364463 is divided by 1052065?
8
What is the remainder when 2750689 is divided by 1375009?
671
Calculate the remainder when 1651447 is divided by 210.
7
What is the remainder when 387729 is divided by 113?
26
What is the remainder when 216019 is divided by 745?
714
Calculate the remainder when 55569121 is divided by 25.
21
What is the remainder when 2260761 is divided by 315?
6
Calculate the remainder when 4185039 is divided by 325.
14
What is the remainder when 22181764 is divided by 97?
95
Calculate the remainder when 11739362 is divided by 369.
365
Calculate the remainder when 4553 is divided by 1504.
41
Calculate the remainder when 5745111 is divided by 957505.
81
What is the remainder when 17512012 is divided by 8755919?
174
Calculate the remainder when 135244 is divided by 11267.
40
What is the remainder when 149011 is divided by 1270?
421
What is the remainder when 728427 is divided by 240546?
6789
Calculate the remainder when 17807539 is divided by 123.
91
Calculate the remainder when 6251414 is divided by 230.